-23).
-13
Let q(n) = -6*n**3 + 38*n - 101. Give q(2).
-73
Let x(h) = -h**3 - 12*h**2 + 49*h + 34. What is x(-15)?
-26
Let l(a) = 2*a**2 + 108*a + 1172. Give l(-39).
2
Let i(r) = 2*r**2 - 88*r + 143. What is i(41)?
-103
Let k(p) = p**3 - 12*p**2 - 2*p + 44. Determine k(12).
20
Let i(p) = p**2 - 14*p + 19. What is i(4)?
-21
Let d(j) = -28*j - 152. Give d(-7).
44
Let g(f) = 4*f + 63. Give g(-25).
-37
Let j(m) = -342*m - 2742. Determine j(-8).
-6
Let k(r) = -321*r**2 - 22794*r - 221. Give k(-71).
-8
Let s(m) = -36*m**2 - 128*m + 241. Give s(2).
-159
Let k(x) = 380*x - 2265. Determine k(6).
15
Let c(r) = -r**2 + 23*r - 89. Determine c(17).
13
Let z(q) = 3*q**3 + 2*q**2 - 134*q - 329. Give z(-5).
16
Let x(u) = 3*u**3 + 3*u**2 - 6*u - 123. Give x(0).
-123
Let c(g) = g**2 - 586*g - 6556. Calculate c(-11).
11
Let d(l) = -l**3 + 18*l**2 + 275*l - 14. Calculate d(28).
-154
Let c(o) = -o + 273. What is c(56)?
217
Let x(a) = -2649*a + 13258. Determine x(5).
13
Let j(w) = -9*w - 319. What is j(-38)?
23
Let r(m) = -5*m - 17. Determine r(7).
-52
Let f(a) = -a**2 - 7. Determine f(4).
-23
Let k(r) = 16*r + 12. What is k(6)?
108
Let r(v) = -2*v**2 - 44*v + 144. Determine r(-25).
-6
Let m(t) = -3*t**3 + 112*t**2 - 30*t - 67. Give m(37).
192
Let n(a) = -2*a**2 - 160*a - 2152. Determine n(-17).
-10
Let u(i) = -i**2 + 84*i - 1351. What is u(68)?
-263
Let y(c) = -2*c**3 + 16*c**2 + 712*c - 5090. Determine y(7).
-8
Let o(b) = 6*b**2 + 18*b + 99. What is o(-7)?
267
Let a(s) = -s**3 - 46*s**2 + 151*s + 158. Calculate a(-49).
-38
Let n(z) = 53*z + 2544. Calculate n(-49).
-53
Let n(z) = -8*z**3 + 1145*z**2 - 153*z + 1429. Give n(143).
-1
Let w(t) = -392*t + 41. What is w(-1)?
433
Let q(o) = o**3 + 6*o**2 + 22*o + 144. What is q(-9)?
-297
Let a(z) = 60*z + 245. Calculate a(-5).
-55
Let g(h) = -h**3 + 5*h**2 + 32*h - 131. Give g(5).
29
Let p(y) = -37*y - 172. Determine p(-6).
50
Let m(d) = -6*d**3 - 185*d**2 + 65*d + 1069. Give m(-31).
15
Let h(c) = c**2 - 263*c + 5082. What is h(21)?
0
Let q(x) = -254*x - 19010. Calculate q(-75).
40
Let b(d) = -6*d**3 - 8*d**2 - 14*d + 5. Determine b(-3).
137
Let m(h) = 464*h - 4196. Calculate m(9).
-20
Let i(s) = -s - 118. Give i(-20).
-98
Let s(y) = y**3 + 55*y**2 - 114*y - 1. Determine s(-57).
-1
Let r(u) = 10784*u + 75481. What is r(-7)?
-7
Let u(z) = -z**2 - 12*z + 25. Determine u(2).
-3
Let x(u) = -u**2 + 38*u - 182. Give x(11).
115
Let c(p) = 2071*p + 6210. Determine c(-3).
-3
Let c(k) = -k**3 + 5*k**2 - 2*k + 31. Calculate c(-7).
633
Let m(r) = r**3 - 8*r**2 + 24*r - 52. What is m(5)?
-7
Let k(c) = -2*c**2 + 35*c - 132. Give k(4).
-24
Let p(g) = -6*g**2 + 129*g - 451. Determine p(18).
-73
Let q(s) = -70*s + 4400. Calculate q(63).
-10
Let o(g) = g**3 + 3*g**2 + 14*g + 29. What is o(-4)?
-43
Let q(t) = t**2 - 19*t - 152. What is q(22)?
-86
Let p(h) = -711*h - 7836. Calculate p(-11).
-15
Let h(y) = -y**2 - 11*y + 17. Calculate h(8).
-135
Let a(k) = 58*k + 6797. Calculate a(-117).
11
Let o(p) = p**3 - 39*p**2 - 332*p + 39. Calculate o(46).
-421
Let z(k) = 84*k**2 - 78*k - 5. Calculate z(1).
1
Let p(n) = -n**3 - 21*n**2 - 19*n + 62. Calculate p(-20).
42
Let d(x) = -9*x**2 + 229*x + 114. Calculate d(26).
-16
Let f(b) = -b**3 + 40*b**2 + 34*b + 291. Calculate f(41).
4
Let w(y) = -4*y**2 - 49*y - 12. What is w(-11)?
43
Let a(r) = 12*r**2 - 89*r - 40. Calculate a(8).
16
Let y(o) = -30*o + 7. Determine y(8).
-233
Let i(k) = 30*k + 68. What is i(-4)?
-52
Let y(w) = -38*w + 73. Calculate y(4).
-79
Let o(k) = -k**3 + 6*k**2 + 23*k - 146. What is o(6)?
-8
Let n(t) = -22*t**2 + 11*t - 16. Determine n(3).
-181
Let l(n) = 2*n**3 + 9*n**2 - 31*n - 135. What is l(-4)?
5
Let t(m) = -5*m - 160. What is t(-64)?
160
Let q(y) = -y**3 - 22*y**2 + 371*y - 23. Determine q(-33).
-287
Let y(a) = a**3 + 12*a**2 + 35*a + 79. Calculate y(-4).
67
Let i(c) = 3*c**2 + 13*c + 36. Determine i(-4).
32
Let s(p) = p**3 - 18*p**2 - 19*p + 70. Give s(17).
-542
Let b(t) = t**3 - 91*t**2 + 130*t - 3585. Give b(90).
15
Let h(v) = 50*v**2 + 158*v + 54. What is h(-3)?
30
Let o(a) = 5*a + 12. What is o(3)?
27
Let o(c) = -8*c + 40. Give o(13).
-64
Let k(d) = -3*d - 137. What is k(-40)?
-17
Let s(f) = -28*f - 1149. Calculate s(-41).
-1
Let n(d) = d**3 + 124*d**2 - 249*d + 349. Calculate n(-126).
-29
Let o(j) = -j**3 - 3*j**2 + 51*j - 32. Give o(-9).
-5
Let s(p) = p**3 - 55*p**2 + 73*p - 1022. What is s(54)?
4
Let p(n) = -n**2 + 483*n + 21479. Determine p(-41).
-5
Let p(b) = -168*b + 12603. Calculate p(75).
3
Let m(q) = q**3 - 3*q**2 + 930*q - 3687. Give m(4).
49
Let l(w) = -w**3 + w**2 - 3*w + 19. Calculate l(0).
19
Let p(n) = 95*n - 7132. Give p(76).
88
Let y(c) = -17*c**2 - 1247*c - 1655. Determine y(-72).
1
Let d(f) = -240*f + 252. Calculate d(1).
12
Let p(o) = -187*o + 740. Calculate p(4).
-8
Let r(n) = -2*n**2 + 47*n - 174. What is r(21)?
-69
Let y(j) = -2*j**2 - 25*j - 46. Give y(-2).
-4
Let q(w) = -w**3 + 11*w**2 - 43*w + 225. What is q(10)?
-105
Let z(p) = 21*p - 60. Determine z(-6).
-186
Let n(o) = 23*o + 392. Give n(-17).
1
Let u(l) = l**2 + 52*l + 437. Give u(-11).
-14
Let b(o) = -o**3 - 19*o**2 - 61*o - 264. Give b(-14).
-390
Let w(n) = -n**2 + 688*n + 5519. Calculate w(-8).
-49
Let x(b) = 34*b + 2328. Calculate x(-68).
16
Let g(s) = -s**2 + 50*s - 528. Determine g(35).
-3
Let b(d) = -8*d**2 - 93*d + 2991. Calculate b(-26).
1
Let o(s) = -s**2 - 222*s - 10874. Give o(-73).
3
Let z(r) = -r**3 - 20*r**2 - r - 46. Determine z(-19).
-388
Let u(l) = l**3 - 55*l**2 + 102*l - 23. Give u(53).
-235
Let c(o) = -8*o**2 - 2*o - 30. What is c(-4)?
-150
Let q(o) = -4*o**3 + 84*o**2 - 361*o + 21. Give q(15).
6
Let x(v) = -v**3 - 9*v**2 + 5*v + 6. Determine x(-9).
-39
Let o(a) = -a**2 - 29*a - 21. What is o(-31)?
-83
Let d(v) = 2*v**3 + 20*v**2 - 2*v - 29. What is d(-9)?
151
Let q(x) = -2*x**3 - 26*x**2 + 86*x - 2. Give q(3).
-32
Let x(v) = -v**2 + v + 71. Determine x(-17).
-235
Let g(v) = -5*v**2 + 139*v + 32. Determine g(28).
4
Let r(f) = 44*f + 134. Calculate r(-10).
-306
Let w(l) = -2*l**3 + 64*l**2 + 7*l - 141. Calculate w(32).
83
Let p(v) = -377*v - 5340. Determine p(-14).
-62
Let c(v) = 8*v + 989. Determine c(5).
1029
Let t(u) = -414*u**3 - 6*u**2 + 2*u - 2. Give t(1).
-420
Let b(c) = -139*c - 964. Calculate b(-9).
287
Let w(q) = q**3 + 11*q**2 - 54*q + 4. What is w(-14)?
172
Let c(h) = h**3 - 6*h**2 - 3*h + 4. Calculate c(7).
32
Let l(a) = -a**2 + 92*a - 1089. Give l(14).
3
Let a(c) = -c**2 + 48*c + 9. Determine a(49).
-40
Let m(a) = -a**3 + 24*a**2 - 156*a - 18. Calculate m(13).
-187
Let h(y) = y**3 - 2*y**2 - 53*y - 3. What is h(-6)?
27
Let m(h) = 4*h**3 + 8*h**2 - 11*h - 51. Calculate m(-4).
-135
Let n(j) = -10*j**2 + 13*j - 11. Give n(1).
-8
Let i(w) = 158*w + 7882. Determine i(-50).
-18
Let y(z) = -z**3 - 9*z**2 + 46*z + 31. Give y(-12).
-89
Let z(v) = 3*v**3 - 33*v**2 + 86*v - 17. What is z(7)?
-3
Let q(b) = -6*b**2 - 174*b - 463. What is q(-26)?
5
Let i(q) = 30*q + 88. Give i(2).
148
Let a(u) = -213*u + 418. Give a(2).
-8
Let w(y) = -23*y**2 + 70*y + 3. Give w(3).
6
Let z(s) = -639*s - 42. What is z(0)?
-42
Let v(a) = 5*a**3 + 32*a**2 + 15*a + 24. What is v(-6)?
6
Let s(j) = j**3 + 19*j**2 + 68*j + 26. What is s(-14)?
54
Let p(g) = 15*g - 103. Give p(6).
-13
Let k(z) = 21060*z - 294834. Determine k(14).
6
Let u(i) = -29*i**2 + 77*i + 4. Give u(4).
-152
Let q(v) = v**2 + 40*v - 565. What is q(11)?
-4
Let r(t) = -2*t**3 - 60*t**2 + 59*t - 114. Determine r(-31).
-21
Let u(a) = 56*a + 625. Determine u(-11).
9
Let j(i) = -i**2 - 53*i + 5154. Calculate j(-103).
4
Let a(b) = b**2 + 5*b + 2. What is a(-7)?
16
Let b(t) = -t**2 - 87*t - 248. Determine b(-3).
4
Let p(t) = t**3 - 21*t**2 - 3*t + 63. What is p(21)?
0
Let k(u) = -u**2 + 58*u - 843. Give k(33).
-18
Let m(l) = 139*l - 963. Determine m(7).
10
Let t(k) = 3*k**2 + 216*k - 449. Give t(-74).
-5
Let a(l) = 3*l**2 + 12*l - 47. Give a(-13).
304
Let n(r) = -r**3 + 28*r**2 - 17*r + 142. Determine n(27).
412
Let h(d) = 462*d - 1881. Calculate h(4).
-33
Let r(f) = f**3 + 6*f**2 - 11*f - 48. Calculate r(-8).
-88
Let m(j) = -25*j + 143. Calculate m(6).
-7
Let d(u) = 31*u - 626. Calculate d(17).
-99
Let m(n) = 4*n**2 + 32*n - 104. What is m(-9)?
-68
Let z(l) = 5*l**2 - 19*l + 20. What is z(3)?
8
Let u(g) = -2*g**2 - 24*g + 1134. 